).
21
Let l(q) = -5*q**2 - 35*q - 57. Give l(-7).
-57
Let q(k) = 150*k - 3559. Calculate q(24).
41
Let v(u) = -u**3 + 13*u**2 + 61*u + 5. Calculate v(-4).
33
Let l(a) = -3*a**3 - 16*a**2 - 5*a + 3. Give l(-5).
3
Let y(c) = -5*c - 94. Calculate y(-7).
-59
Let u(o) = 3*o**2 - 120*o + 538. Determine u(5).
13
Let x(m) = -m**3 - 2*m**2 + 40*m - 11. What is x(6)?
-59
Let c(s) = 5*s**2 - 16*s + 96. Determine c(10).
436
Let k(c) = -c**2 + 2988*c - 12. Give k(0).
-12
Let b(a) = -18*a**2 + 58*a - 323. Determine b(6).
-623
Let m(l) = -163*l - 612. Determine m(-3).
-123
Let l(i) = i**3 - 12*i**2 + 20*i + 4. Calculate l(3).
-17
Let z(w) = -28*w**3 + 85*w**2 + 6*w - 10. Calculate z(3).
17
Let h(i) = 12*i - 613. What is h(51)?
-1
Let s(g) = -8*g + 313. Calculate s(0).
313
Let x(k) = -41*k + 610. Determine x(14).
36
Let n(l) = -34*l**2 + 259*l + 13. Give n(7).
160
Let j(o) = -34*o - 878. Determine j(-26).
6
Let x(p) = -853*p + 846. Give x(1).
-7
Let b(q) = -3*q**2 + 12*q + 199. What is b(-10)?
-221
Let b(f) = -f**3 - 164*f**2 + 2301*f + 4. Determine b(-177).
4
Let k(s) = 7*s + 235. Give k(-34).
-3
Let i(q) = 71*q - 117. Determine i(3).
96
Let m(k) = -k**3 + 17*k**2 - 7*k + 122. Calculate m(17).
3
Let n(l) = 13*l**3 + 232*l**2 - 30*l + 108. Calculate n(-18).
0
Let s(f) = -30*f - 59. Determine s(4).
-179
Let u(j) = -788*j + 8712. Calculate u(11).
44
Let i(c) = -2*c**2 + 68*c - 507. Determine i(11).
-1
Let t(z) = z**3 + z**2 - 36*z - 37. Determine t(-6).
-1
Let d(h) = -70*h - 7632. Determine d(-109).
-2
Let y(c) = 7092*c + 78008. What is y(-11)?
-4
Let q(n) = -n**3 - 5*n**2 - 2*n + 6. What is q(-5)?
16
Let c(p) = -792*p + 19799. Calculate c(25).
-1
Let v(y) = -34*y - 192. Determine v(-11).
182
Let r(v) = -v**3 - 3*v**2 - 34*v + 2. Calculate r(-7).
436
Let i(a) = -a**2 + a + 1404. Determine i(-37).
-2
Let x(o) = -o**3 - o**2 - 215. Calculate x(0).
-215
Let q(o) = -2*o**3 - 43*o**2 - 67*o + 36. Determine q(-2).
14
Let a(b) = 13*b**2 - 2*b - 4. What is a(2)?
44
Let w(h) = -6*h**2 + 5*h + 105. What is w(0)?
105
Let l(q) = 2*q**2 - 45*q - 291. Give l(-6).
51
Let u(t) = 2*t**2 - 366*t + 14847. Determine u(61).
-37
Let l(q) = 9*q + 202. Give l(-23).
-5
Let p(d) = -d**3 - 6*d**2 + 118*d + 804. What is p(-8)?
-12
Let g(b) = -530*b + 101784. Determine g(192).
24
Let q(f) = f**3 - 16*f**2 + 54*f + 12. Give q(6).
-24
Let r(s) = -s**3 - 8*s**2 - 16*s - 48. Calculate r(-8).
80
Let h(r) = -1586*r + 6358. Calculate h(4).
14
Let f(a) = -12*a**2 + 129*a - 457. Determine f(4).
-133
Let x(o) = -71*o + 114. What is x(7)?
-383
Let l(c) = 206*c - 1883. Determine l(10).
177
Let n(m) = -m**3 - 9*m**2 - 13*m - 44. What is n(-7)?
-51
Let s(d) = d**3 - 2*d**2 - 21*d - 359. Give s(9).
19
Let t(a) = 2556*a - 15361. What is t(6)?
-25
Let t(v) = v**2 + 62*v - 1014. Calculate t(14).
50
Let c(h) = -h**3 - 42*h**2 - 88*h - 317. What is c(-40)?
3
Let v(h) = 8*h**2 + 112*h - 10. Calculate v(-14).
-10
Let p(a) = -a**3 - 2*a - 18. Calculate p(4).
-90
Let w(l) = 1509*l + 4523. Give w(-3).
-4
Let y(m) = -833*m - 5827. Calculate y(-7).
4
Let m(q) = 2*q**2 + 4*q - 77. What is m(9)?
121
Let g(u) = -95*u - 16871. Give g(-179).
134
Let y(x) = -10*x**2 - 12*x - 53. What is y(-4)?
-165
Let p(i) = -48*i + 293. Give p(-8).
677
Let s(i) = -i**2 + 38*i + 2. What is s(-2)?
-78
Let m(p) = -10*p - 54. What is m(-7)?
16
Let w(d) = 261*d - 10230. Give w(39).
-51
Let y(q) = -2*q**2 + 31*q + 112. Give y(-3).
1
Let r(s) = -185*s + 7026. What is r(38)?
-4
Let m(l) = -59*l + 343. Give m(6).
-11
Let t(x) = -2*x**3 - 12*x**2 + 47*x + 18. Give t(-8).
-102
Let t(k) = k**3 - 2*k**2 + 20*k + 128. What is t(0)?
128
Let x(h) = -3*h**3 + 26*h**2 + 114*h - 1025. What is x(8)?
15
Let u(x) = -x**2 - 83*x + 207. Determine u(-86).
-51
Let k(z) = -14*z**3 + 70*z**2 + 4*z - 12. What is k(5)?
8
Let r(b) = -804*b - 3106. Give r(-4).
110
Let k(f) = f**3 - 7*f**2 + 49*f - 104. Determine k(3).
7
Let k(p) = -6*p**2 + 342*p - 967. Give k(3).
5
Let t(x) = -19*x**2 - 69*x - 219. What is t(-3)?
-183
Let t(g) = -g**2 - 27*g - 115. Calculate t(-11).
61
Let o(k) = -2*k**3 + 33*k**2 + 5*k - 12. Give o(16).
324
Let z(i) = 996*i + 163346. Give z(-164).
2
Let f(k) = -318*k - 3506. Give f(-11).
-8
Let a(q) = -24*q - 2118. Determine a(-86).
-54
Let l(j) = 17*j + 2. Calculate l(0).
2
Let l(f) = 2*f**2 + 55*f - 192. What is l(-36)?
420
Let w(n) = -n**2 + 27*n - 37. Give w(30).
-127
Let a(x) = 6*x - 1677. Calculate a(276).
-21
Let z(t) = -14*t + 148. Determine z(25).
-202
Let l(c) = c**3 - c**2 + 16*c - 48. Determine l(4).
64
Let i(n) = -55*n + 4972. Calculate i(91).
-33
Let s(o) = 3*o**2 - 138*o - 279. What is s(-2)?
9
Let o(p) = -p**3 - 12*p**2 - 36*p - 67. Determine o(-3).
-40
Let m(k) = -2*k**3 + 22*k**2 + 10*k - 23. Give m(10).
277
Let q(s) = -989*s + 2917. Determine q(3).
-50
Let b(h) = -7*h**2 + 19*h + 10. What is b(3)?
4
Let a(j) = -3*j**3 - 35*j**2 + 205*j - 28. What is a(-16)?
20
Let r(i) = 3*i**3 - 23*i**2 - 19*i + 91. Give r(8).
3
Let q(z) = 66*z + 3303. What is q(-50)?
3
Let k(h) = -2*h**2 - 89*h - 186. What is k(-42)?
24
Let t(b) = -378*b + 1509. What is t(4)?
-3
Let h(n) = -69*n - 3378. Give h(-49).
3
Let t(v) = -v**3 + 59*v**2 + 250*v + 126. Give t(63).
0
Let g(t) = -22*t - 114. Give g(8).
-290
Let g(d) = 47*d - 924. Determine g(38).
862
Let u(d) = d**3 - 83*d**2 - 9*d + 748. Calculate u(83).
1
Let d(s) = -s**3 - 70*s**2 - 972*s - 69. Calculate d(-19).
-12
Let i(a) = -a**3 + 91*a**2 + 1003*a - 77. Give i(-10).
-7
Let b(m) = 8*m**2 + 11*m - 22. What is b(6)?
332
Let c(j) = 41*j + 109. What is c(-5)?
-96
Let s(g) = 25*g**2 + 57*g - 64. Determine s(-3).
-10
Let o(u) = 18*u**3 - 10*u**2 + 3*u + 1. Calculate o(-1).
-30
Let n(b) = 41*b + 28. What is n(4)?
192
Let a(i) = i**2 - 419*i + 1684. Calculate a(4).
24
Let i(u) = 7206*u + 7231. Determine i(-1).
25
Let a(t) = 2*t**3 + 14*t**2 + 30*t + 51. Determine a(-5).
1
Let l(m) = -7*m**3 + 294*m**2 + 5*m + 104. Give l(42).
314
Let u(z) = -z**3 + 48*z**2 + 578*z + 123. Calculate u(58).
7
Let o(x) = 391*x + 392. Calculate o(-1).
1
Let h(z) = 13*z**3 + 2*z**2 - 2*z - 1. Calculate h(2).
107
Let c(a) = -a**3 - 16*a**2 - 922*a - 6863. What is c(-8)?
1
Let v(q) = 196*q - 56046. Determine v(286).
10
Let a(y) = -58*y - 695. Give a(-20).
465
Let v(g) = g**3 - 109*g**2 + 1329*g + 98. Give v(95).
3
Let f(o) = o**3 - 16*o**2 + 26*o - 9. Determine f(13).
-178
Let b(r) = -1187*r + 2376. Determine b(2).
2
Let n(m) = m**3 + 11*m**2 + 26*m + 104. Calculate n(-7).
118
Let v(q) = 3*q**2 - 103*q + 763. Calculate v(13).
-69
Let g(w) = -w**3 - 5*w**2 + 34*w - 8. Calculate g(-9).
10
Let m(c) = -c**2 + 691*c - 34985. What is m(55)?
-5
Let i(w) = 7*w**3 + 67*w**2 - 31*w - 24. Calculate i(-10).
-14
Let d(f) = -108*f - 4866. What is d(-44)?
-114
Let v(i) = -29*i**3 - 198*i**2 + 271*i - 14. Give v(-8).
-6
Let u(m) = 6*m - 78. Calculate u(9).
-24
Let m(l) = -6*l + 188. Calculate m(12).
116
Let q(b) = 28*b - 64. Give q(9).
188
Let s(g) = g**2 + 852*g + 5085. Determine s(-6).
9
Let k(a) = 2*a**3 + 29*a**2 + 33*a + 210. Calculate k(-14).
-56
Let n(t) = -162*t - 5854. Calculate n(-36).
-22
Let l(i) = i**3 - 2*i**2 - 27*i - 59. What is l(7)?
-3
Let s(q) = -q**3 + 20*q**2 - 127*q + 566. What is s(14)?
-36
Let y(j) = j**3 + 42*j**2 + 12*j + 349. Determine y(-42).
-155
Let b(n) = -707*n + 7770. Determine b(11).
-7
Let y(n) = -n**3 - 24*n**2 - 142*n - 29. Calculate y(-15).
76
Let h(t) = t**2 - 1512*t + 31305. Determine h(21).
-6
Let i(y) = -90*y + 1644. Calculate i(19).
-66
Let n(c) = 6*c**2 - 250*c + 25. Give n(41).
-139
Let l(j) = 2*j**3 + 11*j**2 - 57*j + 54. Give l(-9).
0
Let k(y) = -315*y + 2515. Give k(8).
-5
Let u(l) = -148*l - 2058. Give u(-14).
14
Let n(y) = 53*y + 85. What is n(-3)?
-74
Let l(a) = -2*a**3 + 20*a**2 + a - 13. Give l(10).
-3
Let y(t) = -t**3 - 32*t**2 + 84*t + 538. What is y(-34)?
-6
Let b(t) = -5283*t + 121511. Determine b(23).
2
Let c(t) = -2565*t - 25640. What is c(-10)?
10
Let v(n) = 8*n - 104. Give v(-18).
-248
Let y(k) = -2*k**3 + 90*k**2 + 2*k - 82. What is y(45)?
8
Let z(f) = -96*f + 969. Give z(10).
9
Let a(m) = -m**3 - 10*m**2 - 7*m + 5. Give a(-8).
-67
Let r(u) = 3313*u + 49718. Determine r(-15).
23
Let u(p) = p**2 + 23*p + 123. What is u(-10)?
-7
Let t(w) = w**3 - 233*w**2 + 22*w - 5115. What is t(233)?